 Suppose 0 = -j + 2*j - 5. Let f(u) = -4*u**3 + 1 + 5*u**2 + j*u**3 - 2 + 4*u. Calculate f(l).
5
Let o(w) = -w + 1. Let q be o(-4). Let v(x) = x + 1. Let f(d) = -6*d - 5. Let k(r) = q*v(r) + f(r). Suppose -4*n = -4*y + 6*y + 12, -3*n + y = 19. What is k(n)?
5
Let o(c) = c + 0*c + 0*c - 3 + 2. What is o(-6)?
-7
Let l = 12 - 8. Let z(p) be the first derivative of p**3/3 - 2*p**2 + 4*p - 23. What is z(l)?
4
Suppose -2*y + 0*y = -10. Suppose 0 = -y*p + 17 + 13. Let q = p - 8. Let c(o) = 2*o**2 + 2*o + 2. Calculate c(q).
6
Let u(d) = d**3 + 7*d**2 - 9*d - 6. Let i be u(-8). Let y(h) = 10*h - i*h - 9*h. Let p(c) = -c**3 - 7*c**2 + 8*c. Let g be p(-8). What is y(g)?
0
Suppose 42 = 4*c - 2*o, 2*o - 41 = -2*c - o. Let p = 10 - c. Let d(f) = -f + 1. Determine d(p).
4
Let i = 41 - 44. Let q(w) = 5*w. Give q(i).
-15
Let x(s) = -s**3 - 8*s**2 + 5. Let y be x(-8). Let b = 3 - y. Let n(d) = -3*d**2 - 2*d - 2. Give n(b).
-10
Let r(c) = -c**2 - 3. Suppose -4*q + 3*i - 5*i = -2, -4 = -2*q - 4*i. Let y be (q*3/(-12))/1. Calculate r(y).
-3
Let o(j) = -j**3 + 6*j**2 - 6*j - 2. Let g(d) = -4*d**3 + 19*d**2 - 18*d - 6. Let c(h) = 2*g(h) - 7*o(h). Suppose 0 = 3*k - 1 + 16. What is c(k)?
-3
Let x(u) = -2 - 2*u + 5*u + 6 + 5. Let b(o) = o + 4. Let q(k) = 5*b(k) - 2*x(k). Let w = 6 + -6. What is q(w)?
2
Let f = -15 + 20. Let h(q) = 0*q**3 - q**3 - q - 5*q - 11 - q**2 + f*q. Give h(0).
-11
Let x(s) = -12*s - 32. Let o be x(-3). Let l(g) be the second derivative of -1/20*g**5 - g + 1/3*g**4 + 0 + 0*g**3 - 5/2*g**2. What is l(o)?
-5
Let n(j) = -j - 2. Let c(z) = -3*z + 5*z + 1 + 5 - 3. Let f be 2/3 + 33/(-9). Let i be c(f). What is n(i)?
1
Let t(f) be the second derivative of f**3/6 + 7*f**2 + 31*f. Calculate t(0).
14
Let y(d) = -d**2 - 2*d + 4. Let o be y(-4). Let g(z) = z**2 + 5*z - 2. Determine g(o).
-6
Let p(c) = 6*c**3 + 7*c**2 - 6. Let q(m) = 7*m**3 + 8*m**2 - 7. Let x(v) = 6*p(v) - 5*q(v). What is x(-2)?
-1
Suppose -f + 4*f + 23 = 5*k, 4*k - 18 = 2*f. Suppose 9*n + 20 = k*n. Let q = 0 + n. Let d(s) = -s**2 - 7*s - 3. Determine d(q).
9
Let w(l) = 6*l**2 + 4*l - 10. Let a(y) = -7*y**2 - 4*y + 11. Let t(q) = 5*a(q) + 6*w(q). Let d = -1 - 3. Give t(d).
-5
Let o(l) = 4*l + 3. Let x(g) = g**2 - 10*g - 9. Let z be x(9). Let r(k) = 17*k + 13. Let h(b) = z*o(b) + 4*r(b). What is h(-2)?
6
Let w(a) be the second derivative of a**3/6 - 5*a**2/2 - 4*a. Let c be (-234)/(-48) - 1/(-8). Give w(c).
0
Let q(m) be the first derivative of 5*m**4/4 + m**3/3 - m**2/2 + m - 9. Give q(1).
6
Let j(k) = -k**2 - 4*k. Let h = 4 + -4. Let p be (2 + h)*(-6)/(-4). Suppose 5*i - 29 = p*w, 22 = -4*w + 3*i - 2. Give j(w).
3
Let d(q) = q**2 + 12*q - 29. Let f be d(-14). Let z(l) = -7*l**2 + l. Determine z(f).
-8
Let a(p) = p - 2. Suppose -4*h + 18 = z + 6, 3*h - 28 = 4*z. Suppose 2*u - 2 = -4*o, -3*o = 5*u + h + 5. Calculate a(u).
-5
Let o(h) be the first derivative of h**3/3 - 5*h**2/2 + 4*h - 3. Calculate o(4).
0
Let l(f) = -f**2 - 6*f - 7. Let i be (10/(-8))/((-1)/(-4)). Let z be l(i). Let k(m) = m**2 + m - 2. What is k(z)?
0
Let z(s) be the second derivative of s**3/6 + s**2 - s. Let r = 7 - 2. Let u = -7 + r. What is z(u)?
0
Let r(q) = q**2 - 3*q + 3. Let m(z) = -z + 7. Let j be m(3). What is r(j)?
7
Let q(s) = -s**2 + 1. Let d(h) = h**2 + h. Let u(t) = -3*d(t) - q(t). Let m(n) be the first derivative of u(n). Give m(-2).
5
Let s(c) = -3*c + 3. Let g(h) = 4*h - 4. Let k(j) = 2*g(j) + 3*s(j). Suppose 80 = 3*p - 7. Let z = -23 + p. Determine k(z).
-5
Let y be 10/4*-1*-2. Suppose 25 = -y*d, 0 = -2*j + d + 4*d + 31. Suppose 0 = 5*k - j*b - 10, b + 15 = 5*k - b. Let w(v) = -v**2 + 6*v - 3. Give w(k).
2
Let b(v) = -4*v**2 - v**2 + 6*v**2 - 5*v. What is b(5)?
0
Let h(y) = -3 - 2*y**3 + 4*y**2 - 3*y + y - 6*y**2. Let m(x) = x**3 + 3*x**2 - 6*x - 6. Let i be m(-4). Suppose 3*s - 10 = 2*q, -q + i*s = 3*s. What is h(q)?
9
Let r(d) be the first derivative of d - 1/3*d**3 - 2 - d**2. Determine r(-3).
-2
Let t(x) = 16 - x - 16. Suppose 4*n = 4*u + 24, u + n = -0 - 4. Give t(u).
5
Let w(b) = b**2 - 6*b - 10. Suppose 2*a - 36 = -3*m - 3*a, -3*a = -2*m + 5. Calculate w(m).
-3
Let o(q) = -q**3 + 6*q**2 + 7*q + 5. Let r be 1/(-2)*(-1 - 13). Give o(r).
5
Let k(b) = -8*b**2 - 3. Let x(j) = -2*j**2 + 2*j**2 + 8 - 3 + 15*j**2. Let t(f) = 5*k(f) + 3*x(f). Determine t(1).
5
Let l(d) = -d - 3. Let t be (-8)/12*42/4. Let q be l(t). Suppose -3*u + q*u = -4*g + 18, u + 27 = 5*g. Let c(j) = -j + 1. Give c(g).
-4
Let d(j) = j. Let o be (-10)/(-5) - (-1 - -1). Let b(x) = x**3 + 3*x**2 - 2. Let l be b(-2). Suppose -q - o = -0*q - 2*u, l*q + 5*u - 14 = 0. Determine d(q).
2
Let d(k) = -k - 8. Suppose 3*f - 7*f + 24 = 0. Suppose -f*h = -h. Let j = 0 + h. Determine d(j).
-8
Suppose 5*g + 2 = -8. Let d be 3 + -1 + 1 + g. Let m(k) = -3*k - 1. Give m(d).
-4
Suppose -1 = 4*p + 5*t, -3*t = -p - 5*t - 1. Let k(b) be the second derivative of -b**4/12 + b**2/2 + b. Give k(p).
0
Let q(c) be the second derivative of 0 + 0*c**5 + 0*c**3 + c + 1/6*c**4 + 1/720*c**6 + 0*c**2. Let o(v) be the third derivative of q(v). What is o(5)?
5
Let k(j) = -5*j + 0 + j**2 - 7 + 0*j**2. Let q be k(6). Let o be q/(-2*2/4). Let h(p) = 2*p**2 - p + 1. Calculate h(o).
2
Suppose 2*r = 4*r. Let g = 2 - r. Let q(a) = -g*a - 2 + 5*a - 2*a + 0. Give q(-2).
-4
Let a = -2 + 4. Let p(z) = -2*z - 5*z - 3 + a*z - z + z**2. What is p(6)?
-3
Let n(i) = i**3 + i**2 - 4*i + 1. Let m be n(3). Let j be ((-60)/m)/((-2)/5). Suppose j = 2*f - 4*r, -3*r - 2*r = 15. Let l(b) = -b + 4. Give l(f).
7
Let l = -6 - -14. Suppose 4*b = l - 4. Let u(c) be the second derivative of c**4/6 + c**3/6 - c**2/2 - 2*c. Calculate u(b).
2
Let g be 7/(-14) + 22/(-4). Let j(r) be the third derivative of r**6/120 + r**5/12 - r**4/4 + 2*r**3/3 + 4*r**2. What is j(g)?
4
Let m(j) = -5*j + 3. Let r(v) = -1. Let k(i) = m(i) + 6*r(i). What is k(-2)?
7
Let r(i) = -i. Let l be 3/(((-6)/30)/((-8)/30)). Calculate r(l).
-4
Let j(t) = -t - 1. Let q be j(-6). Let h(p) = -7*p**2 - 5. Let o(l) = 3*l**2 + 2. Let c(x) = q*o(x) + 2*h(x). Suppose 3*z = 4*z + 1. What is c(z)?
1
Let v be (60/(-1 + 4))/2. Let z be (v/(-6))/(7/(-21)). Let c(r) = -r**3 + 4*r**2 + 5*r - 1. Calculate c(z).
-1
Suppose 0 = 5*r - 2 - 18. Let c(x) = -4 + r*x + 1 + x**2 - 10*x + 4*x. Determine c(4).
5
Suppose -k - 1 = -3. Let r(j) = 5 - j**3 - 2 - j + 6*j**k + 5. Let x = 227 + -221. Give r(x).
2
Let x(p) = p**3 - 3*p**2 + 2*p. Let d be (0 - -3)*(-2)/(-15)*5. Calculate x(d).
0
Let r(f) = -f**3 + 2*f**2 + 3*f + 1. Let s be r(-1). Let c(n) = -n + 1. Determine c(s).
0
Let s(c) = 4 + 2*c - 3 + 0*c**3 + 2*c**3. Let u = 0 + 2. Let j be 1 - (3 - u) - 1. Give s(j).
-3
Let v(w) = -2*w + 20. Let y be v(12). Suppose 8 = 2*g + 2*g. Let u(n) = n**g + n + 2 + 4 + 6*n. What is u(y)?
-6
Suppose -i = -p + 4, -2*p - p = 5*i + 28. Let h = -3 - i. Suppose -r + h - 3 = 0. Let z(k) = -2*k**3 - 1. Determine z(r).
1
Let f(o) = -o - 2. Let l be (-2)/(-8)*2*-14. Give f(l).
5
Let b(j) = j**3 + 6*j**2 - j - 4. Let l be b(-6). Let k = 2 + -2. Let u(r) = k*r + r - 4*r. Calculate u(l).
-6
Let f(u) be the second derivative of 2*u**3/3 + 2*u**2 + 5*u. Give f(-3).
-8
Let s(x) = 7 - 1 - 7 - 1 + x. What is s(-9)?
-11
Let j(o) = o - 2. Let q be j(4). Let v = -15 + 11. Let y(t) = 4*t - 2. Let c(w) = 4*w - 1. Let p(r) = v*c(r) + 3*y(r). Calculate p(q).
-10
Let g(n) = 15*n**2 + 6*n - 16. Let o(y) = 7*y**2 + 3*y - 8. Suppose -5*j - 30 = -0*j. Let m(t) = j*g(t) + 13*o(t). Calculate m(-6).
10
Let m(d) be the second derivative of d**3/6 - 7*d**2/2 + 19*d. What is m(0)?
-7
Let q = -5 - -3. Let l be (-3)/3*(q - -3). Let n(f) = f - 1. Let y(z) = -7*z**2 - 5*z + 2. Let k(b) = 3*n(b) + y(b). Calculate k(l).
-6
Let z(a) = a**3 - 5*a**2 - 8*a + 9. Let s(h) = -3*h - 6. Let b be s(-4). Calculate z(b).
-3
Let r be ((378/12)/9)/((-2)/4). Let g(f) = -f. Calculate g(r).
7
Suppose 0 = i - 5*b - 22, 0*i + 13 = i - 2*b. Let l(j) = j - 4. Determine l(i).
3
Suppose 0 = 3*h - 4*k - 37, -3*k = -k + 8. Let i be (-7)/(h/(-2)) - 0. Let d(x) = -x**3 + 2*x + 1. Determine d(i).
-3
Let l(f) = f**3 - f**2 + 2*f. Suppose 4*q - 6*q = 0. Suppose -2*v + 0*v + 4 = q. Calculate l(v).
8
Let p(c) be the second derivative of -c**5/20 - 7*c**4/12 - c**3 + c**2 - 16*c. Determine p(-6).
2
Let g(s) be the third derivative of -s**